Let v(y) = 327*y**3 + 15*y**2 + 39*y + 38. Determine v(-2).
-2596
Let c(n) = -n**3 + 141*n**2 - 1681*n - 26325. Give c(126).
9
Let l(o) = -o**3 + 23*o**2 - 398*o + 4549. What is l(16)?
-27
Let b(h) = 14*h**2 + 59*h - 841. Calculate b(12).
1883
Let i(f) = f**3 - 44*f**2 + 333*f - 1601. Give i(36).
19
Let w(y) = -204*y + 20742. Determine w(118).
-3330
Let m(i) = 3*i**2 + 114*i + 1148. Determine m(-19).
65
Let t(r) = -6242*r - 43703. Determine t(-7).
-9
Let u(q) = -3*q**2 - 215*q + 7955. Determine u(29).
-803
Let p(i) = -874*i + 114459. What is p(131)?
-35
Let y(w) = -16*w**2 + 1056*w + 2133. Give y(68).
-43
Let p(u) = 44851*u + 224238. Give p(-5).
-17
Let t(m) = -10*m**2 + 189*m - 97. What is t(23)?
-1040
Let m(f) = 3090*f**2 - 290460*f + 4. What is m(94)?
4
Let q(p) = 40*p**3 + 521*p**2 + 18*p - 45. Calculate q(-13).
-110
Let h(l) = 104*l + 682. Determine h(-4).
266
Let f(c) = -3*c**2 - 569*c - 23254. Calculate f(-59).
-126
Let q(w) = 2*w**2 + 58*w - 790. What is q(10)?
-10
Let m(a) = -2*a**2 + 31*a - 131. Give m(20).
-311
Let t(j) = -590*j - 1286. What is t(-5)?
1664
Let l(q) = 2*q**3 + 32*q**2 + 41386*q + 662191. Calculate l(-16).
15
Let r(p) = 2*p**2 + 516*p + 1077. Give r(-256).
53
Let d(k) = 842433*k + 15163786. Determine d(-18).
-8
Let v(n) = -n**3 + 112*n**2 + 106*n + 664. Calculate v(113).
-127
Let v(t) = t**3 + 29*t**2 + 147*t + 511. Calculate v(-24).
-137
Let o(q) = q**3 + 334*q**2 - 383*q - 16091. Determine o(-335).
-11
Let t(p) = p**3 - 23*p**2 + 80*p - 65. Give t(18).
-245
Let u(q) = q**3 + 188*q**2 - 602*q - 5557. Determine u(-191).
-18
Let w(n) = 6*n**3 + 448*n**2 + 285*n + 326. Calculate w(-74).
1140
Let h(g) = g**2 - 409*g - 28650. Calculate h(-61).
20
Let j(p) = -108*p + 4441. What is j(20)?
2281
Let t(x) = 22*x**2 + 1242*x + 17220. Calculate t(-32).
4
Let n(i) = -38*i**3 - 3758*i**2 + 396*i + 5. Calculate n(-99).
5
Let v(x) = 31*x**2 - 1631*x - 596. Calculate v(53).
40
Let h(l) = -59*l**2 + 677*l - 140. What is h(11)?
168
Let d(p) = -p**2 - 241*p - 10727. What is d(-182)?
11
Let c(r) = -r**3 + 225*r + 961. What is c(-6)?
-173
Let o(c) = 4*c**3 - 350*c**2 - 274*c + 8629. Calculate o(88).
5
Let j(m) = -22*m**3 - 6*m**2 - 815*m - 1610. Give j(-2).
172
Let a(v) = -14*v**2 - 359*v + 388. Determine a(-27).
-125
Let z(t) = 4631*t + 80616. Calculate z(-18).
-2742
Let h(a) = -a**3 + 55*a**2 - 385*a + 65. What is h(47)?
-358
Let r(k) = k**2 - 149*k + 137. What is r(155)?
1067
Let s(p) = 4594*p - 1272545. Calculate s(277).
-7
Let h(x) = 3*x**2 + 8*x - 239. Determine h(-13).
164
Let k(f) = -f**3 - 340*f**2 - 1616*f + 19753. Calculate k(-335).
-12
Let b(z) = 72*z**2 + 940*z - 5657. Give b(6).
2575
Let r(b) = b**2 + 912*b + 94364. Give r(-793).
-3
Let v(r) = -2*r**3 - 309*r**2 + 1097*r + 118. Determine v(-158).
1540
Let w(o) = -5975*o - 65963. What is w(-11)?
-238
Let k(n) = -5*n**3 + 120*n**2 + 3506*n - 84122. Give k(24).
22
Let j(z) = -z**3 - 31*z**2 - 664*z - 7746. What is j(-18)?
-6
Let a(m) = 107*m**2 - 2777*m + 8. What is a(26)?
138
Let a(p) = -p**3 + 8*p**2 - 12*p + 8. Calculate a(5).
23
Let j(w) = 692159*w + 28378527. Calculate j(-41).
8
Let m(g) = 6490*g + 19348. What is m(-3)?
-122
Let t(a) = 3*a**3 + 161*a**2 - 64*a - 110. Determine t(-54).
430
Let b(h) = h**2 + 6543*h + 234243. Determine b(-36).
-9
Let z(j) = 805*j - 208188. What is z(257)?
-1303
Let m(r) = -3186*r + 51164. What is m(16)?
188
Let n(v) = v**2 + 123066*v + 615313. Determine n(-5).
8
Let a(g) = 157*g**3 - 7*g**2 + 5*g + 5. What is a(0)?
5
Let y(j) = -33*j - 857. Calculate y(-31).
166
Let q(m) = -5341*m + 154871. Give q(29).
-18
Let h(l) = -l**2 + 115*l - 1392. Calculate h(13).
-66
Let p(o) = o**3 - 34*o**2 + 745*o - 5320. Calculate p(11).
92
Let x(b) = 41604*b - 208033. What is x(5)?
-13
Let o(x) = -70*x**2 + 682*x + 28. Determine o(11).
-940
Let x(i) = 4432*i + 1121308. Determine x(-253).
12
Let q(s) = -2012*s + 9805. Determine q(5).
-255
Let z(m) = 548*m - 80010. Give z(146).
-2
Let w(x) = -435274*x - 7834941. Give w(-18).
-9
Let d(u) = -2993*u**2 + 82*u + 83. Calculate d(-1).
-2992
Let b(a) = -439*a - 10761. Give b(-25).
214
Let c(q) = 1096*q - 12414. What is c(10)?
-1454
Let i(k) = -k**3 - 235*k**2 - 5717*k - 2831. Calculate i(-27).
-104
Let j(x) = -x**2 - 353*x - 20066. Give j(-71).
-44
Let s(x) = 2259*x**2 + 408*x + 815. Give s(-2).
9035
Let h(b) = 203*b + 473. Calculate h(8).
2097
Let t(v) = -12891*v + 515360. What is t(40)?
-280
Let x(c) = 2*c**2 - 262*c + 1989. Calculate x(124).
253
Let q(c) = -30*c**2 + 136*c + 149. Calculate q(6).
-115
Let g(r) = r**3 - 133*r**2 + 1625*r - 7756. Give g(120).
44
Let t(c) = 7362*c + 1973022. Calculate t(-268).
6
Let m(r) = 5*r**3 - 420*r**2 - 417*r - 219. Give m(85).
461
Let f(n) = 2346*n + 86806. What is f(-37)?
4
Let j(z) = -12718*z + 228930. Give j(18).
6
Let t(c) = 2325*c + 25960. Give t(-11).
385
Let u(c) = 5*c**3 + 111*c**2 + 24*c - 26. Determine u(-22).
-70
Let n(p) = 4*p**3 + 5312*p - 6. Give n(0).
-6
Let m(z) = -5*z**2 + 5754*z - 34343. Give m(6).
1
Let b(d) = 7884*d + 149794. What is b(-19)?
-2
Let g(y) = -299900*y + 1799396. Give g(6).
-4
Let g(l) = 63954*l - 21872261. Determine g(342).
7
Let y(n) = n**2 + 63522*n + 127047. Determine y(-2).
7
Let z(x) = -2*x**3 + 428*x**2 - 12533*x + 389. Give z(179).
-148
Let u(w) = -8*w**2 - 538*w - 8958. What is u(-30)?
-18
Let q(t) = 16*t**2 - 4089*t - 65650. Determine q(-16).
3870
Let h(f) = 12*f**2 + 2307*f - 2308. What is h(1)?
11
Let l(j) = -480*j**2 + 6727*j - 107. Calculate l(14).
-9
Let a(l) = 56*l**2 + 1075*l - 6488. What is a(-24)?
-32
Let u(f) = 283*f + 4679. Determine u(-17).
-132
Let o(d) = -14140*d - 56729. Determine o(-4).
-169
Let o(s) = -s**3 - 43*s**2 + 101*s - 32. Calculate o(-45).
-527
Let m(u) = 438*u**2 - 4015*u + 661. What is m(9)?
4
Let r(q) = -906*q - 226505. Determine r(-250).
-5
Let t(a) = a**2 - 21*a - 2565. Determine t(61).
-125
Let h(t) = 2047*t - 786067. What is h(384)?
-19
Let i(z) = -5*z**2 + 466*z + 1850. Determine i(-4).
-94
Let m(r) = -r**3 - 40*r**2 - 336*r - 15. Determine m(-6).
777
Let g(r) = -2*r**3 - 416*r**2 + 4*r - 224. Give g(0).
-224
Let p(q) = -1895*q - 119303. Determine p(-63).
82
Let s(a) = 42845*a + 171351. What is s(-4)?
-29
Let d(r) = r**2 - 123*r + 3592. Give d(75).
-8
Let t(z) = -535*z + 41231. Calculate t(71).
3246
Let t(c) = -c**2 + 2897804*c + 72445734. What is t(-25)?
9
Let k(l) = 19*l**2 - 3842*l - 69872. Determine k(219).
-11
Let o(v) = v**3 + 23*v**2 + 66*v + 1541. Calculate o(-23).
23
Let b(c) = -752*c + 415102. Determine b(552).
-2
Let p(o) = -o**3 + 146*o**2 - 1365*o + 1182. Determine p(9).
-6
Let w(a) = -32*a**2 - 104*a + 289. Calculate w(7).
-2007
Let a(i) = -5679*i - 176282. Calculate a(-31).
-233
Let y(q) = -q**3 - 98*q**2 + 123*q + 1158. What is y(-99)?
-1218
Let c(m) = -m**3 + 161*m**2 - 3*m - 944. Determine c(0).
-944
Let s(g) = g**2 - 69908*g + 69906. Calculate s(1).
-1
Let g(i) = 4*i**2 + 11171*i + 243863. Determine g(-22).
37
Let a(q) = 37*q**3 + 103*q**2 - 3*q - 30. Calculate a(-4).
-738
Let p(r) = -6*r**2 - 95*r + 1048. What is p(0)?
1048
Let i(f) = 339*f + 1033. Calculate i(-5).
-662
Let y(q) = 36*q + 2847. Calculate y(-97).
-645
Let s(h) = 90442*h + 1447061. Determine s(-16).
-11
Let g(u) = u**2 + 2215*u - 171647. Determine g(75).
103
Let h(p) = 934*p + 23398. Calculate h(-25).
48
Let t(b) = -5*b**3 + 512*b**2 + 279*b + 3087. Give t(103).
-3
Let y(t) = -t**2 + 658*t - 91595. Give y(200).
5
Let v(b) = -b**2 - 3449*b - 37995. What is v(-11)?
-177
Let m(c) = -283396*c + 283399. What is m(1)?
3
Let m(h) = h**3 + 80*h**2 + 868*h - 186. Calculate m(-67).
15
Let y(u) = -4194*u + 968726. Calculate y(231).
-88
Let j(z) = 8*z**3 - 611*z**2 + 1970*z + 79. Determine j(73).
6
Let n(f) = -1846*f - 120026. Give n(-65).
-36
Let c(b) = 3057*b + 265934. Give c(-87).
-25
Let o(b) = -7*b**3 + 89*b**2 + 19659*b + 625. Calculate o(-47).
14
Let x(q) = 12*q**2 + 1944*q - 41267. Calculate x(19).
1
Let x(t) = t**3 - 51*t**2 + 371*t + 236. Give x(38).
-4438
Let y(j) = 5*j**2 + 810*j + 21270. Determine y(-33).
-15
Let g(o) = 13*o**2 - 127*o + 228. Determine g(7).
-24
Let d(z) = -16*z**3 - 43*z**2 - 33*z + 8. Determine d(-3).
152
Let v(z) = z**2 - 4069*z - 24445. Give v(-6).
5
Let x(h) = -234*h + 94. Determine x(0).
94
Let